99c41
What is 31421002 (base 5) in base 4?
1000123011
43120211 (base 5) to base 7
3043442
1101101101000000 (base 2) to base 5
3244003
10120122202221 (base 3) to base 6
104435554
Convert 351513452 (base 6) to base 9.
13246215
What is 2400222 (base 9) in base 12?
527a78
Convert -6562404 (base 7) to base 16.
-c4965
114222104 (base 5) to base 6
15315301
What is -123002032 (base 5) in base 3?
-1010011211122
-235930 (base 11) to base 10
-373802
What is 111030003 (base 4) in base 8?
251403
Convert 1100000000100111 (base 2) to base 14.
13cd9
-3110515 (base 6) to base 13
-52c04
Convert -30cb3 (base 14) to base 4.
-130233331
What is -1533245 (base 6) in base 13?
-32075
132102113201 (base 4) to base 16
7925e1
Convert -63f82f (base 16) to base 14.
-c27875
What is -120122101010 (base 3) in base 6?
-10333303
Convert 168c96b (base 13) to base 14.
d84525
Convert -a45542 (base 11) to base 6.
-55533004
101002202002 (base 3) to base 12
97092
What is 1b3572 (base 14) in base 12?
3a9214
Convert 210003222 (base 4) to base 14.
3bb74
What is 1010011100110110001 (base 2) in base 3?
122101202022
What is 213155 (base 6) in base 4?
10102133
Convert -167777 (base 12) to base 6.
-12141031
19395b (base 12) to base 5
103121012
Convert 425a47 (base 12) to base 4.
3333212113
Convert -221653 (base 16) to base 7.
-24662641
Convert -111011011000001100001 (base 2) to base 10.
-1945697
-31452555 (base 6) to base 10
-924695
125262302 (base 7) to base 11
45a8361
What is -10101001121 (base 3) in base 14?
-1a298
What is -202324122 (base 5) in base 4?
-3021011232
333436 (base 7) to base 5
3341001
Convert -12b445 (base 14) to base 8.
-2355065
Convert de208 (base 15) to base 11.
442337
What is 124002450 (base 6) in base 8?
11203536
Convert 1051178 (base 9) to base 14.
109d43
What is -26a0c9 (base 13) in base 3?
-1202120001220
Convert -603424 (base 7) to base 15.
-203aa
-2189830 (base 10) to base 9
-4106784
Convert 244014 (base 9) to base 2.
100011111101000111
Convert -12531234 (base 6) to base 15.
-83551
What is 293d16 (base 14) in base 13?
3b1b68
What is 46129 (base 10) in base 4?
23100301
-b5244a (base 12) to base 8
-12664372
-57a49 (base 13) to base 10
-159935
Convert 1303414244 (base 5) to base 2.
1100001001101110100110
1b925b (base 13) to base 11
442191
What is -1479a4 (base 11) in base 5?
-24331020
-708301 (base 9) to base 16
-6665b
-39d2b (base 14) to base 4
-202303003
2001120220002 (base 3) to base 5
240003100
What is 311102422 (base 5) in base 2?
100110101110101111000
What is 42185 (base 11) in base 3?
10010021120
-720 (base 13) to base 15
-559
What is -24cee0 (base 16) in base 4?
-21030323200
Convert -ae8c (base 16) to base 10.
-44684
Convert 20101101200110 (base 3) to base 7.
40561620
-2e518 (base 16) to base 2
-101110010100011000
Convert 625008 (base 9) to base 11.
233876
-fcb2b1 (base 16) to base 4
-333023022301
What is 314617 (base 11) in base 15?
9e45c
What is -13334542 (base 6) in base 7?
-3544451
-591304 (base 11) to base 15
-138217
What is 184e (base 16) in base 13?
2aa8
-20524534 (base 6) to base 2
-10010011000100101010
Convert -26907 (base 15) to base 13.
-442c6
What is -308821 (base 9) in base 16?
-2cd5e
What is 5825 (base 9) in base 15?
142b
Convert -39869 (base 15) to base 2.
-101100111101010101
-270851a (base 11) to base 13
-c7bc8b
-a00bb (base 12) to base 9
-345568
120111012221 (base 3) to base 7
2406604
111000011000010110101 (base 2) to base 6
103333045
What is -255332453 (base 6) in base 11?
-2919682
Convert 21201022201020 (base 3) to base 13.
b074a7
What is 136203 (base 8) in base 16?
bc83
What is 18bc7a (base 14) in base 3?
1122121002222
4189c (base 13) to base 2
11100110010100010
-6046434 (base 7) to base 11
-450305
341040011 (base 5) to base 13
407b75
11504656 (base 7) to base 12
41635a
Convert 337362 (base 11) to base 3.
1000021101101
Convert -74542212 (base 8) to base 16.
-f2c48a
What is 4b004 (base 14) in base 8?
547054
Convert -151521140 (base 6) to base 3.
-12221221021020
-10332011 (base 5) to base 10
-89631
Convert 3131203231 (base 4) to base 9.
1632764
What is 101c37 (base 14) in base 8?
2044371
1756155 (base 10) to base 5
422144110
-564a2 (base 13) to base 11
-a7891
What is -3201332022 (base 4) in base 3?
-1202000122200
15f01 (base 16) to base 15
1b957
Convert -11112220222211 (base 3) to base 7.
-26365033
What is 1350032 (base 6) in base 13?
28a75
Convert -124340344 (base 7) to base 9.
-15845277
Convert 4ac1b (base 13) to base 6.
2544042
-138746 (base 12) to base 11
-202967
-122102020021 (base 3) to base 6
-11203011
What is -340502 (base 10) in base 4?
-1103020112
What is 11101000100001101 (base 2) in base 12?
58a91
What is -51b9b (base 13) in base 9?
-243561
What is 123321333 (base 4) in base 10?
114303
-11312100221 (base 4) to base 8
-5662051
-1356315 (base 10) to base 11
-847024
What is 20010211002 (base 4) in base 11?
1215791
-152e9a (base 15) to base 9
-1827601
-21223224 (base 5) to base 6
-3504250
What is a9aa (base 15) in base 11?
24aa9
-12166105 (base 8) to base 10
-2681925
What is 13782218 (base 10) in base 5?
12012012333
-168686 (base 12) to base 4
-1132233012
What is 5705691 (base 10) in base 6?
322143123
What is -a5b86 (base 16) in base 8?
-2455606
Convert 1acab0 (base 15) to base 3.
2110110222110
What is -174590 (base 10) in base 14?
-478aa
What is -1012010211 (base 4) in base 12?
-11a119
Convert 25203 (base 13) to base 5.
4142243
3221033332 (base 4) to base 3
1210112112211
-47922 (base 11) to base 4
-100312002
What is 85457 (base 12) in base 7?
1326463
Convert 3023031 (base 5) to base 10.
48516
Convert 1442523 (base 6) to base 15.
19b66
What is -2156996 (base 10) in base 3?
-11001120211202
Convert -1531722 (base 9) to base 4.
-3032331011
-11483 (base 11) to base 8
-40243
Convert -11210133 (base 4) to base 2.
-101100100011111
2520220 (base 7) to base 9
543704
Convert -20100012 (base 3) to base 13.
-2147
What is -166062412 (base 7) in base 10?
-11427250
-a886 (base 12) to base 10
-18534
What is 1023230131 (base 4) in base 10?
310045
Convert 49262 (base 12) to base 4.
120020222
-716188 (base 11) to base 2
-100011000110011111001
What is 14440e (base 15) in base 11?
607556
What is -428c4b (base 14) in base 3?
-11020102211220
What is 22326666 (base 7) in base 6?
105325303
What is a97d7c (base 15) in base 10?
8076042
Convert 1436274 (base 8) to base 5.
101040024
-7560 (base 9) to base 11
-41a7
-101010011110111101 (base 2) to base 7
-1323220
8670 (base 16) to base 14
c784
Convert 1023250440 (base 6) to base 7.
160540053
What is 10414222 (base 5) in base 11?
62a86
Convert -5a7ad1 (base 14) to base 9.
-5736028
330333254 (base 6) to base 15
7ba1a1
1ba40e (base 16) to base 6
102454234
What is -1569867 (base 11) in base 3?
-12001001002102
Convert 27119 (base 12) to base 8.
150745
Convert 1da846 (base 14) to base 9.
2004620
Convert -121100102011 (base 3) to base 7.
-2510110
1111100011001001011110 (base 2) to base 12
1446a52
Convert -525253124 (base 6) to base 5.
-4324321324
-3023432 (base 6) to base 5
-14041442
What is c10b9 (base 14) in base 15?
926b9
Convert -10100111110010000 (base 2) to base 10.
-85904
What is 103300012 (base 4) in base 3?
11002222101
What is 32153 (base 9) in base 12?
10386
Convert -ba8ad (base 15) to base 3.
-1010002212201
Convert 4014323 (base 6) to base 14.
4cbb5
-48a620 (base 11) to base 13
-211c15
41911a (base 11) to base 8
2436366
Convert -20010201220222 (base 3) to base 2.
-1100011100011100001100
3e94c (base 15) to base 14
53490
Convert -35101672 (base 8) to base 11.
-4345a66
Convert 111111011002121 (base 3) to base 14.
d48154
What is -151354015 (base 6) in base 9?
-5841072
Convert 2982a0 (base 11) to base 2.
1110001011111100111
21120200001 (base 3) to base 15
2e31d
76c04 (base 15) to base 4
1130013301
What is -122827 (base 11) in base 8?
-572710
-167716 (base 15) to base 11
-683766
-15344445 (base 6) to base 14
-101b2d
1000000010001110 (base 2) to base 15
9b40
-242586 (base 9) to base 16
-23b6b
Convert -93821 (base 13) to base 7.
-2152436
Convert -93312 (base 10) to base 9.
-152000
-1237542 (base 8) to base 6
-11212054
What is -25251722 (base 8) in base 3?
-101112002210210
-2067167 (base 9) to base 14
-20b869
Convert 1651432 (base 8) to base 5.
110330101
Convert 602277 (base 14) to base 11.
1908a47
What is -20034423